= 3*l, 0 = 5*t + l + 110. Let s = q - t. What is the remainder when s is divided by 4?
1
Let y = -637 + 655. Suppose -5*p = -c + 51 + y, 4*p - 283 = -3*c. What is the remainder when c is divided by 18?
17
Let z(s) = 87*s - 10. Suppose 0 = -30*o + 34*o - 8. What is the remainder when z(o) is divided by 28?
24
Let k = 5595 + -5429. Calculate the remainder when k is divided by 53.
7
Let w = 11977 - 11952. What is the remainder when 5329 is divided by w?
4
Suppose -y + 17 = -22. Let w(d) = 5*d + 0*d**3 + 4*d - 308*d**2 + 303*d**2 + d**3 - d - 24. Calculate the remainder when y is divided by w(5).
7
Suppose -2*f = -21 - 353. Let d(x) = x**3 - 19*x**2 + 18*x + 21. What is the remainder when f is divided by d(18)?
19
Let b(a) = -a**2 + 15*a - 23. Let q be b(13). Let h be (-10412)/(-57) + (-1 - (-1)/q). Calculate the remainder when 75 is divided by 24/13 - 2 - (-6944)/h.
37
Let i(r) = 2*r**2 - 10*r + 6. Let v(l) = 2*l**3 + 3*l**2 + l. Let f be v(-2). Let n = f - -9. Calculate the remainder when i(5) is divided by n.
0
Let k = 84 - 71. Suppose -v = k*v - 42. Suppose 4*a = 3*j + 19, -4*a - 4*j - j - 21 = 0. What is the remainder when v is divided by a?
0
Suppose 5*s - 119 = 3*z, -4*s + 14*z + 104 = 16*z. Suppose -2*b + 5*j = -129, 2*b - 80 = -2*j + 56. What is the remainder when b is divided by s?
17
Let j(k) = -59*k - 6191. Let p = 33 + -16. What is the remainder when p is divided by j(-105)?
1
Suppose -3*s + 18 = -2*c, -32 = 5*c + 6*s - 7*s. What is the remainder when -9*c/(-18)*-37 is divided by 28?
27
Let b be ((5 - 1) + -3)/((-9)/(-279)). Suppose 5*z = -28*o + b*o - 37, 3*o + 5*z - 17 = 0. Calculate the remainder when 510 is divided by o.
6
Suppose 3*s = -2*z + 656 - 121, -z = -3*s + 529. What is the remainder when s is divided by 141?
36
Suppose 1821*m - 1791*m = 59430. Calculate the remainder when m is divided by 197.
11
Suppose 136 = -5*f + 831 + 200. Calculate the remainder when f is divided by 174.
5
Let t(n) = -3*n + 20. Let u be t(7). What is the remainder when 52 + (-8 + u)/(-3) is divided by 8?
7
Let r(n) = 7*n**2 + 27*n - 88. What is the remainder when 678 is divided by r(5)?
12
Let r(q) = q + 4. Let x be r(4). Suppose -14*b + x*b = -12. Suppose -5*d - 370 = -5*w, -4*w = 2*d + b*d - 296. What is the remainder when w is divided by 38?
36
Let z(n) = 20*n**2 + 5*n - 1. Let t be (-9)/(9/4) + 2. Calculate the remainder when z(t) is divided by 18.
15
Suppose 3*k - 4*h - 14 = 0, -4*k + 8 + 18 = 2*h. Suppose -2*f = k*f - 176. What is the remainder when 10*(-2)/8*-26 is divided by f?
21
Suppose 70 - 331 = -3*y. Let h be 30 + -4*(-3)/6. Let q = -9 + h. What is the remainder when y is divided by q?
18
Suppose 4*f = -f + 4*c + 69, -5*f + 61 = 4*c. Let x(a) = -2*a**2 + 23*a - 50. Let o be x(13). Let i = 97 + o. Calculate the remainder when f is divided by i.
5
Suppose 0 = 5*j + 614 - 664. Suppose 111 = -j*n + 161. Calculate the remainder when 17 is divided by n.
2
Let z = -4221 - -4240. What is the remainder when 200 is divided by z?
10
Let o = 837 - 1064. Let c = o - -234. Suppose 0 = 3*k + 3*d - 87, -2*d = -2*k + 14 + 52. What is the remainder when k is divided by c?
3
Suppose -318 - 3708 = -3*o + 5*x, -3*o = -4*x - 4023. Calculate the remainder when o is divided by 8.
1
Suppose 3*c - 459 + 348 = 3*r, -7*c = 3*r - 259. Calculate the remainder when 18 + -14 - (-179 + 0) is divided by c.
35
Let r = 7024 + -6823. Calculate the remainder when r is divided by 29 + (2 - 2)/(-1).
27
Let q(b) = b + 3. Suppose 5*p + 16 = 2*c + p, 11 = 2*c + p. Let n be q(c). What is the remainder when (3/n - -3)*21 is divided by 8?
6
Suppose 4*v + 5*s - 313 = 0, 2*v + 2*s - 59 = 99. Calculate the remainder when 227 is divided by v.
63
Let g(o) be the first derivative of -o**4/4 - 14*o**3/3 + 7*o**2 + 33*o + 71. What is the remainder when g(-15) is divided by 4?
0
Suppose s - 261 = 417 + 111. What is the remainder when 795 is divided by s?
6
Suppose -72*i + 4945 = -7511. What is the remainder when 354 is divided by i?
8
Let s(i) = 15*i**2 - 933*i - 72. Calculate the remainder when s(64) is divided by 28.
4
Let n = -597 + 929. Calculate the remainder when n is divided by 59.
37
Suppose -5*x = -5*p + 30, -p - p + x + 10 = 0. Let k(s) = 9*s - 13. Let f be k(p). Suppose -f = -5*z + 72. Calculate the remainder when 72 is divided by z.
15
Let f be (-8)/(-3 + (-1793)/(-597)). Let z = -1688 - f. Suppose 23*g = 28*g - z. What is the remainder when g is divided by 36?
32
Let s = 54 + -49. Suppose 0 = 2*k - s*b + 13 + 4, -3*b + 10 = -k. Calculate the remainder when 10 is divided by (2/k + 1)/(6/(-24)).
2
Suppose -6*z + 299 = v - 8*z, 3*z - 294 = -v. Calculate the remainder when v is divided by 16.
9
Suppose -t - 4*t = -5*k - 105, -2*k + 42 = 2*t. Let b be (-2 + 1)/(17/(-34)). Suppose -b*o = 4*o - 492. What is the remainder when o is divided by t?
19
Suppose -24*p + 3*t - 7650 = -27*p, -p + 5*t = -2538. What is the remainder when p is divided by 51?
49
Suppose 49*a - 1150 = 1839. Calculate the remainder when 241 is divided by a.
58
Suppose 15*l - 3191 = 829. Suppose -l*y + 269*y = 388. What is the remainder when y is divided by 30?
28
Suppose -8*d + 80 = -5*d + 5*s, -4*s = -16. Calculate the remainder when 1539 is divided by d.
19
Suppose -22*h + 1127 + 325 = 0. Suppose 195 = 13*u - 0*u. What is the remainder when h is divided by u?
6
Suppose 0*v - 3*v = v. Suppose -14*w + 17*w = v. Suppose w = -2*d + 6*d - 2*y - 16, 2*d + y - 16 = 0. What is the remainder when 11 is divided by d?
5
Suppose -3*d + 521 = -5*u, 3*u = -4*d - d + 925. Suppose -6*g = -8*g + d. Calculate the remainder when 116 is divided by 1062/26 + -2 - (-14)/g.
38
What is the remainder when 4214 is divided by (36 + -98)/(4/(-8))?
122
Let g = 10 + -6. What is the remainder when g is divided by (27 + -5)*(-1)/2 - -12?
0
Suppose -2*k = 3*n - 149, -16*k = -12*k + 2*n - 270. What is the remainder when 381 is divided by k?
61
Let v = -8623 - -8644. What is the remainder when 251 is divided by v?
20
Suppose 3*q = -16 + 4, 0 = 5*z + 5*q - 235. Calculate the remainder when 2955 is divided by z.
48
Suppose -86*u + 1338 - 38 = -61*u. Calculate the remainder when 810 is divided by u.
30
Let a = -530 - -902. Let d = a - 163. Calculate the remainder when d is divided by 7.
6
Let f(w) = -8*w**2 - 11*w - w**3 - 15*w - 3 - 6*w**2. Calculate the remainder when 123 is divided by f(-12).
18
Calculate the remainder when (12 + (-7440)/(-35))/(2/7) is divided by 92.
50
Let p = 5761 - 5722. Calculate the remainder when 5301 is divided by p.
36
Calculate the remainder when (4/3)/((-532)/(-436905)) is divided by 139.
122
Suppose -4*d - 4*x = 377 - 937, 0 = -x + 2. What is the remainder when d is divided by -4 + 50 - (0 + -1)?
44
Suppose 0 = 240*h - 239*h - 2. Let t = -10 + 15. Suppose -n + 3*n - t*z + 2 = 0, h*z = 4*n - 28. Calculate the remainder when 13 is divided by n.
4
Let v = 1483 - 1352. Let b = -51 + 74. Calculate the remainder when v is divided by b.
16
Let v(i) = -2*i - i - 25 + i. Suppose 5*b = -4*w - 40 - 31, -b + 39 = -3*w. Calculate the remainder when v(w) is divided by 1.
0
Suppose 0 = -4*m - 0*c - c + 46, 4 = 2*c. Suppose 5*a + 2*s + 1677 = 0, -5*a + 2*s - 1678 = 5*s. Let x = -303 - a. What is the remainder when x is divided by m?
10
Suppose -92*h + 24978 = -41167 - 9019. What is the remainder when h is divided by 38?
19
Let v = -147 - -216. Suppose 0 = -9*r + 4*r + 170. Let h = r + -20. What is the remainder when v is divided by h?
13
Let r be (11 + 19)/((-3)/(-2)). Suppose 4*c - r = 8*c. Calculate the remainder when 91 is divided by (-2)/20*c - (-122)/4.
29
Suppose 344*q - 77739 + 39552 = 78773. Calculate the remainder when 1283 is divided by q.
263
Let t(u) = u**3 - 6*u**2 - 14*u + 17. Suppose -51 = -8*p + 13. Calculate the remainder when t(p) is divided by 11.
0
Suppose 2*c = -2*r + 52 + 94, c - 5*r = 85. Calculate the remainder when 218 is divided by c.
68
Let j be -5 + 1 + (4 - 2). Let a be (j - 2) + (-55)/(-5). Suppose -a*s + 55 = -22. Calculate the remainder when 41 is divided by s.
8
Suppose -a = a - 66. Suppose -10*r - 2*r = -1344. What is the remainder when r is divided by a?
13
Let f(y) = 7*y**2 - 4*y + 4. Let g(i) = -i**2. Let x(b) = f(b) + 4*g(b). What is the remainder when 106 is divided by x(4)?
34
What is the re